{"id":1965,"date":"2023-08-08T13:53:33","date_gmt":"2023-08-08T12:53:33","guid":{"rendered":"https:\/\/www.mittel-punkt-ev.de\/?post_type=puenktchen&#038;p=1965"},"modified":"2024-08-30T13:55:33","modified_gmt":"2024-08-30T12:55:33","slug":"max-noel","status":"publish","type":"puenktchen","link":"http:\/\/www.mittel-punkt-ev.de\/?puenktchen=max-noel","title":{"rendered":"Max Noel"},"content":{"rendered":"<p>Lieber Max Noel,<\/p>\n<p>deine K\u00e4mpfergeschichte\ud83d\udcaa fing am 08.08.2022 mit einem Augenflimmern an. Da warst du gerade 1 Jahr alt\ud83d\ude1e. Sofort wurdest du in die Kinderklinik \ud83c\udfe5 in Suhl eingewiesen. Viele Untersuchungen musstest du \u00fcber dich ergehen lassen\ud83d\ude37. Ein MRT am 09.08.2022 brachte dann die schlimme Diagnose. Ein Tumor im Kopf. Das war ein Riesenschock f\u00fcr Euch\ud83d\ude2a.<\/p>\n<p>Anfang Oktober 2022 stand fest, dass du zu deiner ersten Chemo nach Jena musst. Seitdem bist du mit deiner Mama jede Woche hier.<\/p>\n<p>W\u00e4hrend deines Klinikaufenthalts liebst du es, Lieder\ud83c\udfb6 und Geschichten \ud83d\udcdcaus der klinikeigenen Toniebox zu h\u00f6ren. Du warst immer sehr traurig, dass du sie nicht mit nach Hause nehmen durftest. Wir schenkten dir eine eigene mit verschiedenen Figuren und der dazugeh\u00f6rigen Tasche. Die kannst du \u00fcberall mit hinnehmen und musst nicht mehr traurig sein\ud83e\udd70.<\/p>\n<p>Obwohl es dir nach der Chemotherapie sehr schlecht geht und du keine Energie mehr hast, darfst du meist am selben Tag oder einen Tag sp\u00e4ter wieder nach Hause, wo deine gro\u00dfe Schwester auf dich wartet\ud83d\udc6b. Sie leidet sehr unter dieser Situation.<\/p>\n<p>Deine Mama erz\u00e4hlte uns, dass Zoe unbedingt zum Konzert ihrer Lieblingsband CRO m\u00f6chte\ud83c\udfa4. Diesem Wunsch sind wir nachgekommen und haben deiner Schwester Konzertkarten geschenkt\ud83c\udfab. Wir hoffen, dass deine Schwester beim Konzert wenigstens f\u00fcr einen kurzen Moment die Sorgen um dich vergessen kann.<\/p>\n<p>Ende Oktober 2022 kam die n\u00e4chste schlimme Nachricht. Der golfballgro\u00dfe Tumor zerst\u00f6rte deinen rechten Sehnerv und Du hast dein rechtes Augenlicht verloren\ud83d\ude13.<\/p>\n<p>Am 30. M\u00e4rz 2023 wurde noch einmal ein MRT gemacht und ihr wart sehr aufgeregt. Doch dann der Schock, statt zu schrumpfen, ist dein Tumor um 1 mm gewachsen, trotz aller Therapien und der Medikamente, die ihn schrumpfen lassen sollten.<\/p>\n<p>Bald habt ihr einen Termin in der Charit\u00e9 in Berlin\ud83c\udfe5, um eine Zweitmeinung einzuholen. Leider \u00fcbernimmt die Krankenkasse diese Fahrtkosten nach Berlin nicht. Damit ihr diese wichtige Tour antreten k\u00f6nnt, unterst\u00fctzen wir euch mit einem Tankgutschein\ud83d\udcb0.<\/p>\n","protected":false},"featured_media":1972,"menu_order":0,"template":"","format":"standard","meta":{"_acf_changed":false,"ocean_post_layout":"","ocean_both_sidebars_style":"","ocean_both_sidebars_content_width":0,"ocean_both_sidebars_sidebars_width":0,"ocean_sidebar":"","ocean_second_sidebar":"","ocean_disable_margins":"enable","ocean_add_body_class":"","ocean_shortcode_before_top_bar":"","ocean_shortcode_after_top_bar":"","ocean_shortcode_before_header":"","ocean_shortcode_after_header":"","ocean_has_shortcode":"","ocean_shortcode_after_title":"","ocean_shortcode_before_footer_widgets":"","ocean_shortcode_after_footer_widgets":"","ocean_shortcode_before_footer_bottom":"","ocean_shortcode_after_footer_bottom":"","ocean_display_top_bar":"default","ocean_display_header":"default","ocean_header_style":"","ocean_center_header_left_menu":"","ocean_custom_header_template":"","ocean_custom_logo":0,"ocean_custom_retina_logo":0,"ocean_custom_logo_max_width":0,"ocean_custom_logo_tablet_max_width":0,"ocean_custom_logo_mobile_max_width":0,"ocean_custom_logo_max_height":0,"ocean_custom_logo_tablet_max_height":0,"ocean_custom_logo_mobile_max_height":0,"ocean_header_custom_menu":"","ocean_menu_typo_font_family":"","ocean_menu_typo_font_subset":"","ocean_menu_typo_font_size":0,"ocean_menu_typo_font_size_tablet":0,"ocean_menu_typo_font_size_mobile":0,"ocean_menu_typo_font_size_unit":"px","ocean_menu_typo_font_weight":"","ocean_menu_typo_font_weight_tablet":"","ocean_menu_typo_font_weight_mobile":"","ocean_menu_typo_transform":"","ocean_menu_typo_transform_tablet":"","ocean_menu_typo_transform_mobile":"","ocean_menu_typo_line_height":0,"ocean_menu_typo_line_height_tablet":0,"ocean_menu_typo_line_height_mobile":0,"ocean_menu_typo_line_height_unit":"","ocean_menu_typo_spacing":0,"ocean_menu_typo_spacing_tablet":0,"ocean_menu_typo_spacing_mobile":0,"ocean_menu_typo_spacing_unit":"","ocean_menu_link_color":"","ocean_menu_link_color_hover":"","ocean_menu_link_color_active":"","ocean_menu_link_background":"","ocean_menu_link_hover_background":"","ocean_menu_link_active_background":"","ocean_menu_social_links_bg":"","ocean_menu_social_hover_links_bg":"","ocean_menu_social_links_color":"","ocean_menu_social_hover_links_color":"","ocean_disable_title":"default","ocean_disable_heading":"default","ocean_post_title":"","ocean_post_subheading":"","ocean_post_title_style":"","ocean_post_title_background_color":"","ocean_post_title_background":0,"ocean_post_title_bg_image_position":"","ocean_post_title_bg_image_attachment":"","ocean_post_title_bg_image_repeat":"","ocean_post_title_bg_image_size":"","ocean_post_title_height":0,"ocean_post_title_bg_overlay":0.5,"ocean_post_title_bg_overlay_color":"","ocean_disable_breadcrumbs":"default","ocean_breadcrumbs_color":"","ocean_breadcrumbs_separator_color":"","ocean_breadcrumbs_links_color":"","ocean_breadcrumbs_links_hover_color":"","ocean_display_footer_widgets":"default","ocean_display_footer_bottom":"default","ocean_custom_footer_template":""},"categories":[12],"tags":[],"class_list":["post-1965","puenktchen","type-puenktchen","status-publish","format-standard","has-post-thumbnail","hentry","category-punktchen","entry","has-media"],"acf":[],"_links":{"self":[{"href":"http:\/\/www.mittel-punkt-ev.de\/index.php?rest_route=\/wp\/v2\/puenktchen\/1965","targetHints":{"allow":["GET"]}}],"collection":[{"href":"http:\/\/www.mittel-punkt-ev.de\/index.php?rest_route=\/wp\/v2\/puenktchen"}],"about":[{"href":"http:\/\/www.mittel-punkt-ev.de\/index.php?rest_route=\/wp\/v2\/types\/puenktchen"}],"version-history":[{"count":1,"href":"http:\/\/www.mittel-punkt-ev.de\/index.php?rest_route=\/wp\/v2\/puenktchen\/1965\/revisions"}],"predecessor-version":[{"id":1973,"href":"http:\/\/www.mittel-punkt-ev.de\/index.php?rest_route=\/wp\/v2\/puenktchen\/1965\/revisions\/1973"}],"wp:featuredmedia":[{"embeddable":true,"href":"http:\/\/www.mittel-punkt-ev.de\/index.php?rest_route=\/wp\/v2\/media\/1972"}],"wp:attachment":[{"href":"http:\/\/www.mittel-punkt-ev.de\/index.php?rest_route=%2Fwp%2Fv2%2Fmedia&parent=1965"}],"wp:term":[{"taxonomy":"category","embeddable":true,"href":"http:\/\/www.mittel-punkt-ev.de\/index.php?rest_route=%2Fwp%2Fv2%2Fcategories&post=1965"},{"taxonomy":"post_tag","embeddable":true,"href":"http:\/\/www.mittel-punkt-ev.de\/index.php?rest_route=%2Fwp%2Fv2%2Ftags&post=1965"}],"curies":[{"name":"wp","href":"https:\/\/api.w.org\/{rel}","templated":true}]}}

<p>Lieber Max Noel,</p>
<p>deine Kämpfergeschichte💪 fing am 08.08.2022 mit einem Augenflimmern an. Da warst du gerade 1 Jahr alt😞. Sofort wurdest du in die Kinderklinik 🏥 in Suhl eingewiesen. Viele Untersuchungen musstest du über dich ergehen lassen😷. Ein MRT am 09.08.2022 brachte dann die schlimme Diagnose. Ein Tumor im Kopf. Das war ein Riesenschock für Euch😪.</p>
<p>Anfang Oktober 2022 stand fest, dass du zu deiner ersten Chemo nach Jena musst. Seitdem bist du mit deiner Mama jede Woche hier.</p>
<p>Während deines Klinikaufenthalts liebst du es, Lieder🎶 und Geschichten 📜aus der klinikeigenen Toniebox zu hören. Du warst immer sehr traurig, dass du sie nicht mit nach Hause nehmen durftest. Wir schenkten dir eine eigene mit verschiedenen Figuren und der dazugehörigen Tasche. Die kannst du überall mit hinnehmen und musst nicht mehr traurig sein🥰.</p>
<p>Obwohl es dir nach der Chemotherapie sehr schlecht geht und du keine Energie mehr hast, darfst du meist am selben Tag oder einen Tag später wieder nach Hause, wo deine große Schwester auf dich wartet👫. Sie leidet sehr unter dieser Situation.</p>
<p>Deine Mama erzählte uns, dass Zoe unbedingt zum Konzert ihrer Lieblingsband CRO möchte🎤. Diesem Wunsch sind wir nachgekommen und haben deiner Schwester Konzertkarten geschenkt🎫. Wir hoffen, dass deine Schwester beim Konzert wenigstens für einen kurzen Moment die Sorgen um dich vergessen kann.</p>
<p>Ende Oktober 2022 kam die nächste schlimme Nachricht. Der golfballgroße Tumor zerstörte deinen rechten Sehnerv und Du hast dein rechtes Augenlicht verloren😓.</p>
<p>Am 30. März 2023 wurde noch einmal ein MRT gemacht und ihr wart sehr aufgeregt. Doch dann der Schock, statt zu schrumpfen, ist dein Tumor um 1 mm gewachsen, trotz aller Therapien und der Medikamente, die ihn schrumpfen lassen sollten.</p>
<p>Bald habt ihr einen Termin in der Charité in Berlin🏥, um eine Zweitmeinung einzuholen. Leider übernimmt die Krankenkasse diese Fahrtkosten nach Berlin nicht. Damit ihr diese wichtige Tour antreten könnt, unterstützen wir euch mit einem Tankgutschein💰.</p>
