{"id":2016,"date":"2023-10-20T09:40:10","date_gmt":"2023-10-20T08:40:10","guid":{"rendered":"https:\/\/www.mittel-punkt-ev.de\/?post_type=puenktchen&#038;p=2016"},"modified":"2024-09-02T10:26:03","modified_gmt":"2024-09-02T09:26:03","slug":"steffen-oktober-2023-teil2","status":"publish","type":"puenktchen","link":"http:\/\/www.mittel-punkt-ev.de\/?puenktchen=steffen-oktober-2023-teil2","title":{"rendered":"Steffen &#8211; Okt 23 &#8211; Teil2"},"content":{"rendered":"<p>Lieber Steffen,<\/p>\n<p>auf dem Lausitzring durften wir dir und deiner Familie bereits in strahlende Augen schauen\ud83c\udfc1\ud83c\udfce und versprachen unseren Lesern, \u00fcber euch zu berichten.\ud83d\udcf0<\/p>\n<p>Seit 2012 gehst du mit deiner Frau Madlen und euren 3 Kindern (Nesth\u00e4kchen Leticia 7, Philip 16, Lukas 18) durch dick und d\u00fcnn\ud83e\udec2.<\/p>\n<p>Die erste harte Probe hattet ihr bereits 2015. Bei eurer noch ungeborenen Tochter wurde eine sehr seltene Lungenfehlbildung diagnostiziert. Nach einem Hochrisikoeingriff im Universit\u00e4tsklinikum Bonn konnte das Leben von Mama und Leticia gerettet werden\ud83d\ude4f\ud83c\udf40. Im November 2016 war Leticia dann alt und kr\u00e4ftig genug f\u00fcr ein Operation.<\/p>\n<p>Es folgte eine sch\u00f6ne Zeit und ihr konntet viele Dinge zusammen als Familie erleben\u263a\ufe0f.<\/p>\n<p>Jedoch verschlechterte sich auf einmal dein Gesundheitszustand rapide\ud83d\ude2a. Im Januar 2020 dann die ersch\u00fctternde Diagnose: Morbus Hodgkin Lymphom auch besser bekannt unter Lymphdr\u00fcsenkrebs. Es folgten unz\u00e4hlige Behandlungen und Chemotherapien im Universit\u00e4tsklinikum Leipzig und deine Frau musste einen Spagat zwischen ihrem Job, der Versorgung der Kinder, dem Haushalt und der Pendelei zwischen Leipzig und eurem Wohnort Kuhschnappl machen. Zum Gl\u00fcck haben Madlen&#8217;s Eltern euch in dieser massiv schweren Zeit jederzeit zur Hilfe gestanden&#8230;\ud83d\ude4f<\/p>\n<p>Da dies alles einher ging mit dem Beginn der Coronapandemie, kann man sich gut vorstellen, dass Besuche ein Spie\u00dfrutenlauf waren. Das absolute Besuchsverbot auf der Onkologie f\u00fcr Kinder unter 7 Jahren, war f\u00fcr deinen psychischen Zustand nicht von Vorteil. Auch der psychische sehr stabile Zustand deiner Frau begann so langsam Risse zu bekommen\ud83d\ude1e.<\/p>\n<p>Du hattest einen Gewichtsverlust jenseits von Gut und B\u00f6se und musstest dich von nur noch 53 kg wieder irgendwie zu einem vern\u00fcnftigen Gewicht von 70 kg bringen. Nach 4 Zyklen Chemotherapie wurdest du im Mai 2020 als mit angeblicher vollst\u00e4ndiger Remission (keine Tumorzellen mehr nachweisbar) entlassen.<\/p>\n<p>Doch bereits Ende Juni stand fest &#8230;ein Rezidiv&#8230; Wieder ein Schlag ins Gesicht f\u00fcr euch. Es folgten 2 weitere Chemotherapien gefolgt von einer Hochdosis Chemotherapie und einer autologen Stammzelltransplantation. Laut aller \u00c4rzte warst du nun endlich in einer Remission.<\/p>\n<p>Trotz vieler Hindernisse seid ihr in den Urlaub nach Kroatien gereist\ud83d\ude90\ud83c\udded\ud83c\uddf7. Das war f\u00fcr die ganze Familie ein abwechslungsreiches Erlebnis. Leider wurde bei deiner Frau mittelschwere Depression diagnostiziert und im Mai 2022 stand dann nach einem erneuten CT und MRT fest, du hattest wieder ein Rezidiv\ud83d\ude2a. Der psychische Zustand deiner Frau litt zunehmend darunter, was zur Folge hatte, dass sie sich in psychologische, sowie psychiatrische Behandlung begeben musste. Du wolltest f\u00fcr deine Familie da sein und lehntest eine weitere Chemotherapie ab. F\u00fcr dich musste eine wirksame, aber stressfreie Behandlung her. Eine alternative Privatklinik bot dir genau die Behandlung an. Diese Therapie hast du zum Selbstkostenpreis gemacht. Mit offenem Ausgang nat\u00fcrlich. Der Vorteil war, dass du bei deiner Frau und Familie sein konntest\ud83d\ude0a. Die Nachricht, dass ihr den Krebs tats\u00e4chlich bis zu 50% durch die alternative Behandlung zur\u00fcckdr\u00e4ngen konntet, war Seelenbalsam f\u00fcr euch\u2764.<\/p>\n<p>Die vergangene Zeit hat in eurem famili\u00e4ren und auch Freundeskreis gro\u00dfe Narben und L\u00fccken hinterlassen. Wir als Verein unterst\u00fctzen euch gern mit einem finanziellen Zuschuss zur gemeinsamen Familienzeit mit lang ersehnten Ausfl\u00fcgen, die ihr so dringend braucht. Hier geht ein gro\u00dfes Dankesch\u00f6n an den Lions Club Chemnitz Agricola, welcher uns 1.500 Euro f\u00fcr euch \u00fcberreichte. \ud83e\udd1d<\/p>\n<p>Wir w\u00fcnschen f\u00fcr die Zukunft viel Kraft und einen Sieg in diesem Kampf<\/p>\n","protected":false},"featured_media":2019,"menu_order":0,"template":"","format":"standard","meta":{"_acf_changed":false,"ocean_post_layout":"","ocean_both_sidebars_style":"","ocean_both_sidebars_content_width":0,"ocean_both_sidebars_sidebars_width":0,"ocean_sidebar":"","ocean_second_sidebar":"","ocean_disable_margins":"enable","ocean_add_body_class":"","ocean_shortcode_before_top_bar":"","ocean_shortcode_after_top_bar":"","ocean_shortcode_before_header":"","ocean_shortcode_after_header":"","ocean_has_shortcode":"","ocean_shortcode_after_title":"","ocean_shortcode_before_footer_widgets":"","ocean_shortcode_after_footer_widgets":"","ocean_shortcode_before_footer_bottom":"","ocean_shortcode_after_footer_bottom":"","ocean_display_top_bar":"default","ocean_display_header":"default","ocean_header_style":"","ocean_center_header_left_menu":"","ocean_custom_header_template":"","ocean_custom_logo":0,"ocean_custom_retina_logo":0,"ocean_custom_logo_max_width":0,"ocean_custom_logo_tablet_max_width":0,"ocean_custom_logo_mobile_max_width":0,"ocean_custom_logo_max_height":0,"ocean_custom_logo_tablet_max_height":0,"ocean_custom_logo_mobile_max_height":0,"ocean_header_custom_menu":"","ocean_menu_typo_font_family":"","ocean_menu_typo_font_subset":"","ocean_menu_typo_font_size":0,"ocean_menu_typo_font_size_tablet":0,"ocean_menu_typo_font_size_mobile":0,"ocean_menu_typo_font_size_unit":"px","ocean_menu_typo_font_weight":"","ocean_menu_typo_font_weight_tablet":"","ocean_menu_typo_font_weight_mobile":"","ocean_menu_typo_transform":"","ocean_menu_typo_transform_tablet":"","ocean_menu_typo_transform_mobile":"","ocean_menu_typo_line_height":0,"ocean_menu_typo_line_height_tablet":0,"ocean_menu_typo_line_height_mobile":0,"ocean_menu_typo_line_height_unit":"","ocean_menu_typo_spacing":0,"ocean_menu_typo_spacing_tablet":0,"ocean_menu_typo_spacing_mobile":0,"ocean_menu_typo_spacing_unit":"","ocean_menu_link_color":"","ocean_menu_link_color_hover":"","ocean_menu_link_color_active":"","ocean_menu_link_background":"","ocean_menu_link_hover_background":"","ocean_menu_link_active_background":"","ocean_menu_social_links_bg":"","ocean_menu_social_hover_links_bg":"","ocean_menu_social_links_color":"","ocean_menu_social_hover_links_color":"","ocean_disable_title":"default","ocean_disable_heading":"default","ocean_post_title":"","ocean_post_subheading":"","ocean_post_title_style":"","ocean_post_title_background_color":"","ocean_post_title_background":0,"ocean_post_title_bg_image_position":"","ocean_post_title_bg_image_attachment":"","ocean_post_title_bg_image_repeat":"","ocean_post_title_bg_image_size":"","ocean_post_title_height":0,"ocean_post_title_bg_overlay":0.5,"ocean_post_title_bg_overlay_color":"","ocean_disable_breadcrumbs":"default","ocean_breadcrumbs_color":"","ocean_breadcrumbs_separator_color":"","ocean_breadcrumbs_links_color":"","ocean_breadcrumbs_links_hover_color":"","ocean_display_footer_widgets":"default","ocean_display_footer_bottom":"default","ocean_custom_footer_template":""},"categories":[12,14],"tags":[],"class_list":["post-2016","puenktchen","type-puenktchen","status-publish","format-standard","has-post-thumbnail","hentry","category-punktchen","category-steffen","entry","has-media"],"acf":[],"_links":{"self":[{"href":"http:\/\/www.mittel-punkt-ev.de\/index.php?rest_route=\/wp\/v2\/puenktchen\/2016","targetHints":{"allow":["GET"]}}],"collection":[{"href":"http:\/\/www.mittel-punkt-ev.de\/index.php?rest_route=\/wp\/v2\/puenktchen"}],"about":[{"href":"http:\/\/www.mittel-punkt-ev.de\/index.php?rest_route=\/wp\/v2\/types\/puenktchen"}],"version-history":[{"count":2,"href":"http:\/\/www.mittel-punkt-ev.de\/index.php?rest_route=\/wp\/v2\/puenktchen\/2016\/revisions"}],"predecessor-version":[{"id":2056,"href":"http:\/\/www.mittel-punkt-ev.de\/index.php?rest_route=\/wp\/v2\/puenktchen\/2016\/revisions\/2056"}],"wp:featuredmedia":[{"embeddable":true,"href":"http:\/\/www.mittel-punkt-ev.de\/index.php?rest_route=\/wp\/v2\/media\/2019"}],"wp:attachment":[{"href":"http:\/\/www.mittel-punkt-ev.de\/index.php?rest_route=%2Fwp%2Fv2%2Fmedia&parent=2016"}],"wp:term":[{"taxonomy":"category","embeddable":true,"href":"http:\/\/www.mittel-punkt-ev.de\/index.php?rest_route=%2Fwp%2Fv2%2Fcategories&post=2016"},{"taxonomy":"post_tag","embeddable":true,"href":"http:\/\/www.mittel-punkt-ev.de\/index.php?rest_route=%2Fwp%2Fv2%2Ftags&post=2016"}],"curies":[{"name":"wp","href":"https:\/\/api.w.org\/{rel}","templated":true}]}}

<p>Lieber Steffen,</p>
<p>auf dem Lausitzring durften wir dir und deiner Familie bereits in strahlende Augen schauen🏁🏎 und versprachen unseren Lesern, über euch zu berichten.📰</p>
<p>Seit 2012 gehst du mit deiner Frau Madlen und euren 3 Kindern (Nesthäkchen Leticia 7, Philip 16, Lukas 18) durch dick und dünn🫂.</p>
<p>Die erste harte Probe hattet ihr bereits 2015. Bei eurer noch ungeborenen Tochter wurde eine sehr seltene Lungenfehlbildung diagnostiziert. Nach einem Hochrisikoeingriff im Universitätsklinikum Bonn konnte das Leben von Mama und Leticia gerettet werden🙏🍀. Im November 2016 war Leticia dann alt und kräftig genug für ein Operation.</p>
<p>Es folgte eine schöne Zeit und ihr konntet viele Dinge zusammen als Familie erleben☺️.</p>
<p>Jedoch verschlechterte sich auf einmal dein Gesundheitszustand rapide😪. Im Januar 2020 dann die erschütternde Diagnose: Morbus Hodgkin Lymphom auch besser bekannt unter Lymphdrüsenkrebs. Es folgten unzählige Behandlungen und Chemotherapien im Universitätsklinikum Leipzig und deine Frau musste einen Spagat zwischen ihrem Job, der Versorgung der Kinder, dem Haushalt und der Pendelei zwischen Leipzig und eurem Wohnort Kuhschnappl machen. Zum Glück haben Madlen&#8217;s Eltern euch in dieser massiv schweren Zeit jederzeit zur Hilfe gestanden&#8230;🙏</p>
<p>Da dies alles einher ging mit dem Beginn der Coronapandemie, kann man sich gut vorstellen, dass Besuche ein Spießrutenlauf waren. Das absolute Besuchsverbot auf der Onkologie für Kinder unter 7 Jahren, war für deinen psychischen Zustand nicht von Vorteil. Auch der psychische sehr stabile Zustand deiner Frau begann so langsam Risse zu bekommen😞.</p>
<p>Du hattest einen Gewichtsverlust jenseits von Gut und Böse und musstest dich von nur noch 53 kg wieder irgendwie zu einem vernünftigen Gewicht von 70 kg bringen. Nach 4 Zyklen Chemotherapie wurdest du im Mai 2020 als mit angeblicher vollständiger Remission (keine Tumorzellen mehr nachweisbar) entlassen.</p>
<p>Doch bereits Ende Juni stand fest &#8230;ein Rezidiv&#8230; Wieder ein Schlag ins Gesicht für euch. Es folgten 2 weitere Chemotherapien gefolgt von einer Hochdosis Chemotherapie und einer autologen Stammzelltransplantation. Laut aller Ärzte warst du nun endlich in einer Remission.</p>
<p>Trotz vieler Hindernisse seid ihr in den Urlaub nach Kroatien gereist🚐🇭🇷. Das war für die ganze Familie ein abwechslungsreiches Erlebnis. Leider wurde bei deiner Frau mittelschwere Depression diagnostiziert und im Mai 2022 stand dann nach einem erneuten CT und MRT fest, du hattest wieder ein Rezidiv😪. Der psychische Zustand deiner Frau litt zunehmend darunter, was zur Folge hatte, dass sie sich in psychologische, sowie psychiatrische Behandlung begeben musste. Du wolltest für deine Familie da sein und lehntest eine weitere Chemotherapie ab. Für dich musste eine wirksame, aber stressfreie Behandlung her. Eine alternative Privatklinik bot dir genau die Behandlung an. Diese Therapie hast du zum Selbstkostenpreis gemacht. Mit offenem Ausgang natürlich. Der Vorteil war, dass du bei deiner Frau und Familie sein konntest😊. Die Nachricht, dass ihr den Krebs tatsächlich bis zu 50% durch die alternative Behandlung zurückdrängen konntet, war Seelenbalsam für euch❤.</p>
<p>Die vergangene Zeit hat in eurem familiären und auch Freundeskreis große Narben und Lücken hinterlassen. Wir als Verein unterstützen euch gern mit einem finanziellen Zuschuss zur gemeinsamen Familienzeit mit lang ersehnten Ausflügen, die ihr so dringend braucht. Hier geht ein großes Dankeschön an den Lions Club Chemnitz Agricola, welcher uns 1.500 Euro für euch überreichte. 🤝</p>
<p>Wir wünschen für die Zukunft viel Kraft und einen Sieg in diesem Kampf</p>
