{"id":2146,"date":"2024-01-23T10:13:20","date_gmt":"2024-01-23T09:13:20","guid":{"rendered":"https:\/\/www.mittel-punkt-ev.de\/?post_type=puenktchen&#038;p=2146"},"modified":"2024-09-04T10:14:13","modified_gmt":"2024-09-04T09:14:13","slug":"steffen-jan-24","status":"publish","type":"puenktchen","link":"http:\/\/www.mittel-punkt-ev.de\/?puenktchen=steffen-jan-24","title":{"rendered":"Steffen &#8211; Jan 24"},"content":{"rendered":"<p>&#8222;Der Tod ist gewisserma\u00dfen eine Unm\u00f6glichkeit, die pl\u00f6tzlich zur Wirklichkeit wird.&#8220; Johann Wolfgang von Goethe<\/p>\n<p>Am 23.01.2024 ist unser P\u00fcnktchen Steffen f\u00fcr immer eingeschlafen.\ud83c\udf08 Wir w\u00fcnschen der Familie viel Kraft.<\/p>\n<p>Die Zeilen seiner Frau in dieser schweren Zeit:<\/p>\n<p>&#8222;Meine Welt steht still&#8230;.NICHT&#8217;S ist mehr wie es war, der 23.01.24 hat mein Leben und das unserer Kinder von jetzt auf gleich ver\u00e4ndert.<\/p>\n<p>Ich musste meinen geliebten Mann Steffen, unsere Kinder Ihren \u00fcber alles geliebten wundervollen Papa f\u00fcr immer gehen lassen\ud83d\ude2d<\/p>\n<p>Er hat den Kampf gegen seine schwere Krankheit f\u00fcr immer verloren.<\/p>\n<p>Wir haben das Beste was uns das Leben geschenkt hat verloren.<\/p>\n<p>Wir sind in tiefer Trauer\ud83e\ude76 die Welt verliert mit Ihm einen grossen Schatz, sei es als bester Freund, weltbester Ehemann, bester Papa , guter Kollege , geliebter Sohn &#8230;.es ist so unbegreiflich dass es sich nicht in Worte fassen l\u00e4sst&#8230;wo auch immer Du nun bist ich hoffe dort geht es Dir besser, vor allem hoffe ich dass Du keine Schmerzen mehr ertragen musst.<\/p>\n<p>Deine unendliche Liebe, Dein Blick, Deine warmen H\u00e4nde, Deine liebevollen Umarmungen und soviel mehr, all dass fehlt mir\/uns so sehr\ud83d\ude2d&#8230;<\/p>\n<p>Wer dich als Mensch kennenlernen durfte weiss, was f\u00fcr ein wundervoller Mensch nun f\u00fcr immer fehlt&#8230;du hattest immer ein offenes Ohr, hast geholfen wie immer es dir m\u00f6glich war Aber vor allem hast du mir unser gr\u00f6\u00dftes Geschenk gemacht\u2026 unsere gemeinsame Tochter Leticia\u2764\ufe0f&#8230;.ich verspreche dir, ich werde immer auf Sie aufpassen&#8230;<\/p>\n<p>F\u00fcr immer und ewig bis das der Tod uns scheidet haben wir uns geschworen , ich bin unheimlich Dankbar f\u00fcr unsere gemeinsamen Jahre und das ich Dich auf Deiner letzten Reise in die Ewigkeit bis zu Deinem letzten friedlichen Atemzug begleiten durfte&#8230;es sei Dir die Ruhe geg\u00f6nnt&#8230;ich kenne niemanden der so gek\u00e4mpft hat wie Du&#8230;bis zum Schluss!&#8230;Dein Wunsch bis zur letzten Minute bei Deiner Familie zu sein wurde erh\u00f6rt\ud83e\udef6&#8230;Ich liebe Dich\u2764\ufe0f bis in alle Ewigkeit, Du bist mein Held&#8230;.in tiefer unbeschreiblicher Trauer<\/p>\n","protected":false},"featured_media":2148,"menu_order":0,"template":"","format":"standard","meta":{"_acf_changed":false,"ocean_post_layout":"","ocean_both_sidebars_style":"","ocean_both_sidebars_content_width":0,"ocean_both_sidebars_sidebars_width":0,"ocean_sidebar":"","ocean_second_sidebar":"","ocean_disable_margins":"enable","ocean_add_body_class":"","ocean_shortcode_before_top_bar":"","ocean_shortcode_after_top_bar":"","ocean_shortcode_before_header":"","ocean_shortcode_after_header":"","ocean_has_shortcode":"","ocean_shortcode_after_title":"","ocean_shortcode_before_footer_widgets":"","ocean_shortcode_after_footer_widgets":"","ocean_shortcode_before_footer_bottom":"","ocean_shortcode_after_footer_bottom":"","ocean_display_top_bar":"default","ocean_display_header":"default","ocean_header_style":"","ocean_center_header_left_menu":"","ocean_custom_header_template":"","ocean_custom_logo":0,"ocean_custom_retina_logo":0,"ocean_custom_logo_max_width":0,"ocean_custom_logo_tablet_max_width":0,"ocean_custom_logo_mobile_max_width":0,"ocean_custom_logo_max_height":0,"ocean_custom_logo_tablet_max_height":0,"ocean_custom_logo_mobile_max_height":0,"ocean_header_custom_menu":"","ocean_menu_typo_font_family":"","ocean_menu_typo_font_subset":"","ocean_menu_typo_font_size":0,"ocean_menu_typo_font_size_tablet":0,"ocean_menu_typo_font_size_mobile":0,"ocean_menu_typo_font_size_unit":"px","ocean_menu_typo_font_weight":"","ocean_menu_typo_font_weight_tablet":"","ocean_menu_typo_font_weight_mobile":"","ocean_menu_typo_transform":"","ocean_menu_typo_transform_tablet":"","ocean_menu_typo_transform_mobile":"","ocean_menu_typo_line_height":0,"ocean_menu_typo_line_height_tablet":0,"ocean_menu_typo_line_height_mobile":0,"ocean_menu_typo_line_height_unit":"","ocean_menu_typo_spacing":0,"ocean_menu_typo_spacing_tablet":0,"ocean_menu_typo_spacing_mobile":0,"ocean_menu_typo_spacing_unit":"","ocean_menu_link_color":"","ocean_menu_link_color_hover":"","ocean_menu_link_color_active":"","ocean_menu_link_background":"","ocean_menu_link_hover_background":"","ocean_menu_link_active_background":"","ocean_menu_social_links_bg":"","ocean_menu_social_hover_links_bg":"","ocean_menu_social_links_color":"","ocean_menu_social_hover_links_color":"","ocean_disable_title":"default","ocean_disable_heading":"default","ocean_post_title":"","ocean_post_subheading":"","ocean_post_title_style":"","ocean_post_title_background_color":"","ocean_post_title_background":0,"ocean_post_title_bg_image_position":"","ocean_post_title_bg_image_attachment":"","ocean_post_title_bg_image_repeat":"","ocean_post_title_bg_image_size":"","ocean_post_title_height":0,"ocean_post_title_bg_overlay":0.5,"ocean_post_title_bg_overlay_color":"","ocean_disable_breadcrumbs":"default","ocean_breadcrumbs_color":"","ocean_breadcrumbs_separator_color":"","ocean_breadcrumbs_links_color":"","ocean_breadcrumbs_links_hover_color":"","ocean_display_footer_widgets":"default","ocean_display_footer_bottom":"default","ocean_custom_footer_template":""},"categories":[12,14],"tags":[],"class_list":["post-2146","puenktchen","type-puenktchen","status-publish","format-standard","has-post-thumbnail","hentry","category-punktchen","category-steffen","entry","has-media"],"acf":[],"_links":{"self":[{"href":"http:\/\/www.mittel-punkt-ev.de\/index.php?rest_route=\/wp\/v2\/puenktchen\/2146","targetHints":{"allow":["GET"]}}],"collection":[{"href":"http:\/\/www.mittel-punkt-ev.de\/index.php?rest_route=\/wp\/v2\/puenktchen"}],"about":[{"href":"http:\/\/www.mittel-punkt-ev.de\/index.php?rest_route=\/wp\/v2\/types\/puenktchen"}],"version-history":[{"count":2,"href":"http:\/\/www.mittel-punkt-ev.de\/index.php?rest_route=\/wp\/v2\/puenktchen\/2146\/revisions"}],"predecessor-version":[{"id":2149,"href":"http:\/\/www.mittel-punkt-ev.de\/index.php?rest_route=\/wp\/v2\/puenktchen\/2146\/revisions\/2149"}],"wp:featuredmedia":[{"embeddable":true,"href":"http:\/\/www.mittel-punkt-ev.de\/index.php?rest_route=\/wp\/v2\/media\/2148"}],"wp:attachment":[{"href":"http:\/\/www.mittel-punkt-ev.de\/index.php?rest_route=%2Fwp%2Fv2%2Fmedia&parent=2146"}],"wp:term":[{"taxonomy":"category","embeddable":true,"href":"http:\/\/www.mittel-punkt-ev.de\/index.php?rest_route=%2Fwp%2Fv2%2Fcategories&post=2146"},{"taxonomy":"post_tag","embeddable":true,"href":"http:\/\/www.mittel-punkt-ev.de\/index.php?rest_route=%2Fwp%2Fv2%2Ftags&post=2146"}],"curies":[{"name":"wp","href":"https:\/\/api.w.org\/{rel}","templated":true}]}}

<p>&#8222;Der Tod ist gewissermaßen eine Unmöglichkeit, die plötzlich zur Wirklichkeit wird.&#8220; Johann Wolfgang von Goethe</p>
<p>Am 23.01.2024 ist unser Pünktchen Steffen für immer eingeschlafen.🌈 Wir wünschen der Familie viel Kraft.</p>
<p>Die Zeilen seiner Frau in dieser schweren Zeit:</p>
<p>&#8222;Meine Welt steht still&#8230;.NICHT&#8217;S ist mehr wie es war, der 23.01.24 hat mein Leben und das unserer Kinder von jetzt auf gleich verändert.</p>
<p>Ich musste meinen geliebten Mann Steffen, unsere Kinder Ihren über alles geliebten wundervollen Papa für immer gehen lassen😭</p>
<p>Er hat den Kampf gegen seine schwere Krankheit für immer verloren.</p>
<p>Wir haben das Beste was uns das Leben geschenkt hat verloren.</p>
<p>Wir sind in tiefer Trauer🩶 die Welt verliert mit Ihm einen grossen Schatz, sei es als bester Freund, weltbester Ehemann, bester Papa , guter Kollege , geliebter Sohn &#8230;.es ist so unbegreiflich dass es sich nicht in Worte fassen lässt&#8230;wo auch immer Du nun bist ich hoffe dort geht es Dir besser, vor allem hoffe ich dass Du keine Schmerzen mehr ertragen musst.</p>
<p>Deine unendliche Liebe, Dein Blick, Deine warmen Hände, Deine liebevollen Umarmungen und soviel mehr, all dass fehlt mir/uns so sehr😭&#8230;</p>
<p>Wer dich als Mensch kennenlernen durfte weiss, was für ein wundervoller Mensch nun für immer fehlt&#8230;du hattest immer ein offenes Ohr, hast geholfen wie immer es dir möglich war Aber vor allem hast du mir unser größtes Geschenk gemacht… unsere gemeinsame Tochter Leticia❤️&#8230;.ich verspreche dir, ich werde immer auf Sie aufpassen&#8230;</p>
<p>Für immer und ewig bis das der Tod uns scheidet haben wir uns geschworen , ich bin unheimlich Dankbar für unsere gemeinsamen Jahre und das ich Dich auf Deiner letzten Reise in die Ewigkeit bis zu Deinem letzten friedlichen Atemzug begleiten durfte&#8230;es sei Dir die Ruhe gegönnt&#8230;ich kenne niemanden der so gekämpft hat wie Du&#8230;bis zum Schluss!&#8230;Dein Wunsch bis zur letzten Minute bei Deiner Familie zu sein wurde erhört🫶&#8230;Ich liebe Dich❤️ bis in alle Ewigkeit, Du bist mein Held&#8230;.in tiefer unbeschreiblicher Trauer</p>
