{"id":2179,"date":"2023-07-04T10:31:26","date_gmt":"2023-07-04T09:31:26","guid":{"rendered":"https:\/\/www.mittel-punkt-ev.de\/?post_type=puenktchen&#038;p=2179"},"modified":"2024-09-04T10:34:41","modified_gmt":"2024-09-04T09:34:41","slug":"chris-louis-sommer-23","status":"publish","type":"puenktchen","link":"http:\/\/www.mittel-punkt-ev.de\/?puenktchen=chris-louis-sommer-23","title":{"rendered":"Chris &#038; Louis &#8211; Sommer 23"},"content":{"rendered":"<div class=\"moz-text-html\" lang=\"x-unicode\">\n<div>\n<div class=\"moz-text-html\" lang=\"x-unicode\">\n<div>\n<p>Eine Europatour f\u00fcr unsere Rollstuhl-Zwillinge Chris und Louis\ud83c\udf0d<\/p>\n<p>Wir m\u00f6chten mit euch gemeinsam den Traum einer kleinen Familie erf\u00fcllen\ud83d\udc4f. Eine Reise durch Europa. Die getr\u00e4umte Reiseroute sieht wie folgt aus: K\u00f6ln, Br\u00fcssel, Gent, Lille, Paris (u.a. Disneyland) Bourges, Lyon (Fu\u00dfballstadion\u26bd), Genf, Bern, Z\u00fcrich, Lindau und M\u00fcnchen. Europa anschauen, bestaunen und einfach f\u00fcr ein paar Tage eine fast ganz normale Familie sein\u2026Das ist der gro\u00dfe Wunsch unserer 4 \u2026.\u2764\ufe0f<\/p>\n<p>Chris und Louis wurden im April 2010 geboren und im Alter von 2 Jahren stellte man spinale Muskelatrophie Typ 2 fest. Bei BEIDEN Kindern\ud83d\ude1e. Eine Krankheit, die fortschreitend ist und selten vorkommt. L\u00e4hmungen mit Muskelschwund und verminderte Muskelspannung sind die Folge.<\/p>\n<p>Die Krankheit wird stetig schlimmer und l\u00e4sst sich nicht aufhalten. Immer wieder kommen neue Handicaps f\u00fcr die Jungs hinzu\ud83d\ude2b.<\/p>\n<p>Der gro\u00dfe Bruder Anthony ist 15 Jahre und zum Gl\u00fcck gesund\ud83d\ude0a. Er ist jede freie Minute da, um seine Mama bei der Pflege der Zwillinge zu unterst\u00fctzen\ud83e\udee1. Die beiden brauchen bei allem Hilfe und Unterst\u00fctzung. Die Jungs m\u00fcssen gehoben und gehandelt werden. Anthony g\u00f6nnt sich manchmal eine Auszeit beim Sport\ud83c\udfc3.<\/p>\n<p>Die Mama versucht, so gut es geht, ihren drei Jungs alles zu erm\u00f6glichen.<\/p>\n<p>Da es sehr schwierig f\u00fcr die vier ist, eine Reise mit Bus, Bahn oder Flugzeug anzutreten, m\u00f6chten sie im Juli mit ihrem Familien-Bus\ud83d\ude90 diese Tour durch Europa starten. Alles reell miterleben d\u00fcrfen und nicht nur vor dem TV davon tr\u00e4umen.<\/p>\n<\/div>\n<\/div>\n<\/div>\n<\/div>\n","protected":false},"featured_media":2182,"menu_order":0,"template":"","format":"standard","meta":{"_acf_changed":false,"ocean_post_layout":"","ocean_both_sidebars_style":"","ocean_both_sidebars_content_width":0,"ocean_both_sidebars_sidebars_width":0,"ocean_sidebar":"","ocean_second_sidebar":"","ocean_disable_margins":"enable","ocean_add_body_class":"","ocean_shortcode_before_top_bar":"","ocean_shortcode_after_top_bar":"","ocean_shortcode_before_header":"","ocean_shortcode_after_header":"","ocean_has_shortcode":"","ocean_shortcode_after_title":"","ocean_shortcode_before_footer_widgets":"","ocean_shortcode_after_footer_widgets":"","ocean_shortcode_before_footer_bottom":"","ocean_shortcode_after_footer_bottom":"","ocean_display_top_bar":"default","ocean_display_header":"default","ocean_header_style":"","ocean_center_header_left_menu":"","ocean_custom_header_template":"","ocean_custom_logo":0,"ocean_custom_retina_logo":0,"ocean_custom_logo_max_width":0,"ocean_custom_logo_tablet_max_width":0,"ocean_custom_logo_mobile_max_width":0,"ocean_custom_logo_max_height":0,"ocean_custom_logo_tablet_max_height":0,"ocean_custom_logo_mobile_max_height":0,"ocean_header_custom_menu":"","ocean_menu_typo_font_family":"","ocean_menu_typo_font_subset":"","ocean_menu_typo_font_size":0,"ocean_menu_typo_font_size_tablet":0,"ocean_menu_typo_font_size_mobile":0,"ocean_menu_typo_font_size_unit":"px","ocean_menu_typo_font_weight":"","ocean_menu_typo_font_weight_tablet":"","ocean_menu_typo_font_weight_mobile":"","ocean_menu_typo_transform":"","ocean_menu_typo_transform_tablet":"","ocean_menu_typo_transform_mobile":"","ocean_menu_typo_line_height":0,"ocean_menu_typo_line_height_tablet":0,"ocean_menu_typo_line_height_mobile":0,"ocean_menu_typo_line_height_unit":"","ocean_menu_typo_spacing":0,"ocean_menu_typo_spacing_tablet":0,"ocean_menu_typo_spacing_mobile":0,"ocean_menu_typo_spacing_unit":"","ocean_menu_link_color":"","ocean_menu_link_color_hover":"","ocean_menu_link_color_active":"","ocean_menu_link_background":"","ocean_menu_link_hover_background":"","ocean_menu_link_active_background":"","ocean_menu_social_links_bg":"","ocean_menu_social_hover_links_bg":"","ocean_menu_social_links_color":"","ocean_menu_social_hover_links_color":"","ocean_disable_title":"default","ocean_disable_heading":"default","ocean_post_title":"","ocean_post_subheading":"","ocean_post_title_style":"","ocean_post_title_background_color":"","ocean_post_title_background":0,"ocean_post_title_bg_image_position":"","ocean_post_title_bg_image_attachment":"","ocean_post_title_bg_image_repeat":"","ocean_post_title_bg_image_size":"","ocean_post_title_height":0,"ocean_post_title_bg_overlay":0.5,"ocean_post_title_bg_overlay_color":"","ocean_disable_breadcrumbs":"default","ocean_breadcrumbs_color":"","ocean_breadcrumbs_separator_color":"","ocean_breadcrumbs_links_color":"","ocean_breadcrumbs_links_hover_color":"","ocean_display_footer_widgets":"default","ocean_display_footer_bottom":"default","ocean_custom_footer_template":""},"categories":[23,12],"tags":[],"class_list":["post-2179","puenktchen","type-puenktchen","status-publish","format-standard","has-post-thumbnail","hentry","category-chris-louis","category-punktchen","entry","has-media"],"acf":[],"_links":{"self":[{"href":"http:\/\/www.mittel-punkt-ev.de\/index.php?rest_route=\/wp\/v2\/puenktchen\/2179","targetHints":{"allow":["GET"]}}],"collection":[{"href":"http:\/\/www.mittel-punkt-ev.de\/index.php?rest_route=\/wp\/v2\/puenktchen"}],"about":[{"href":"http:\/\/www.mittel-punkt-ev.de\/index.php?rest_route=\/wp\/v2\/types\/puenktchen"}],"version-history":[{"count":3,"href":"http:\/\/www.mittel-punkt-ev.de\/index.php?rest_route=\/wp\/v2\/puenktchen\/2179\/revisions"}],"predecessor-version":[{"id":2190,"href":"http:\/\/www.mittel-punkt-ev.de\/index.php?rest_route=\/wp\/v2\/puenktchen\/2179\/revisions\/2190"}],"wp:featuredmedia":[{"embeddable":true,"href":"http:\/\/www.mittel-punkt-ev.de\/index.php?rest_route=\/wp\/v2\/media\/2182"}],"wp:attachment":[{"href":"http:\/\/www.mittel-punkt-ev.de\/index.php?rest_route=%2Fwp%2Fv2%2Fmedia&parent=2179"}],"wp:term":[{"taxonomy":"category","embeddable":true,"href":"http:\/\/www.mittel-punkt-ev.de\/index.php?rest_route=%2Fwp%2Fv2%2Fcategories&post=2179"},{"taxonomy":"post_tag","embeddable":true,"href":"http:\/\/www.mittel-punkt-ev.de\/index.php?rest_route=%2Fwp%2Fv2%2Ftags&post=2179"}],"curies":[{"name":"wp","href":"https:\/\/api.w.org\/{rel}","templated":true}]}}

<div class="moz-text-html" lang="x-unicode">
<div>
<div class="moz-text-html" lang="x-unicode">
<div>
<p>Eine Europatour für unsere Rollstuhl-Zwillinge Chris und Louis🌍</p>
<p>Wir möchten mit euch gemeinsam den Traum einer kleinen Familie erfüllen👏. Eine Reise durch Europa. Die geträumte Reiseroute sieht wie folgt aus: Köln, Brüssel, Gent, Lille, Paris (u.a. Disneyland) Bourges, Lyon (Fußballstadion⚽), Genf, Bern, Zürich, Lindau und München. Europa anschauen, bestaunen und einfach für ein paar Tage eine fast ganz normale Familie sein…Das ist der große Wunsch unserer 4 ….❤️</p>
<p>Chris und Louis wurden im April 2010 geboren und im Alter von 2 Jahren stellte man spinale Muskelatrophie Typ 2 fest. Bei BEIDEN Kindern😞. Eine Krankheit, die fortschreitend ist und selten vorkommt. Lähmungen mit Muskelschwund und verminderte Muskelspannung sind die Folge.</p>
<p>Die Krankheit wird stetig schlimmer und lässt sich nicht aufhalten. Immer wieder kommen neue Handicaps für die Jungs hinzu😫.</p>
<p>Der große Bruder Anthony ist 15 Jahre und zum Glück gesund😊. Er ist jede freie Minute da, um seine Mama bei der Pflege der Zwillinge zu unterstützen🫡. Die beiden brauchen bei allem Hilfe und Unterstützung. Die Jungs müssen gehoben und gehandelt werden. Anthony gönnt sich manchmal eine Auszeit beim Sport🏃.</p>
<p>Die Mama versucht, so gut es geht, ihren drei Jungs alles zu ermöglichen.</p>
<p>Da es sehr schwierig für die vier ist, eine Reise mit Bus, Bahn oder Flugzeug anzutreten, möchten sie im Juli mit ihrem Familien-Bus🚐 diese Tour durch Europa starten. Alles reell miterleben dürfen und nicht nur vor dem TV davon träumen.</p>
</div>
</div>
</div>
</div>
